12
Calculate the remainder when 126934 is divided by 117.
106
Calculate the remainder when 3505 is divided by 585.
580
Calculate the remainder when 1868 is divided by 186.
8
Calculate the remainder when 22049 is divided by 98.
97
Calculate the remainder when 38660 is divided by 920.
20
What is the remainder when 100850 is divided by 264?
2
What is the remainder when 6230 is divided by 530?
400
Calculate the remainder when 3352 is divided by 1185.
982
Calculate the remainder when 68540 is divided by 126.
122
Calculate the remainder when 3229 is divided by 945.
394
Calculate the remainder when 7729 is divided by 531.
295
What is the remainder when 3324 is divided by 2337?
987
What is the remainder when 149 is divided by 73?
3
Calculate the remainder when 83465 is divided by 549.
17
Calculate the remainder when 10515 is divided by 5241.
33
Calculate the remainder when 27296 is divided by 91.
87
What is the remainder when 49552 is divided by 62?
14
Calculate the remainder when 1237952 is divided by 41.
39
Calculate the remainder when 89097 is divided by 298.
293
Calculate the remainder when 283931 is divided by 99.
98
Calculate the remainder when 60264 is divided by 20087.
3
What is the remainder when 8188 is divided by 39?
37
What is the remainder when 1258131 is divided by 5?
1
What is the remainder when 24352 is divided by 145?
137
What is the remainder when 143389 is divided by 186?
169
Calculate the remainder when 6128 is divided by 100.
28
Calculate the remainder when 1475 is divided by 1465.
10
Calculate the remainder when 5961 is divided by 27.
21
What is the remainder when 1602 is divided by 21?
6
Calculate the remainder when 930 is divided by 241.
207
Calculate the remainder when 5833 is divided by 69.
37
What is the remainder when 712 is divided by 6?
4
What is the remainder when 207759 is divided by 392?
391
Calculate the remainder when 1659 is divided by 412.
11
Calculate the remainder when 15834 is divided by 45.
39
What is the remainder when 9562 is divided by 130?
72
What is the remainder when 1285585 is divided by 1609?
1603
What is the remainder when 3839 is divided by 2943?
896
Calculate the remainder when 4281 is divided by 445.
276
What is the remainder when 265949 is divided by 762?
11
What is the remainder when 3284 is divided by 52?
8
Calculate the remainder when 13735 is divided by 1423.
928
What is the remainder when 1465 is divided by 296?
281
Calculate the remainder when 2164 is divided by 45.
4
Calculate the remainder when 424321 is divided by 424312.
9
Calculate the remainder when 65395 is divided by 38.
35
Calculate the remainder when 265853 is divided by 134.
131
What is the remainder when 65657 is divided by 32809?
39
Calculate the remainder when 168545 is divided by 15.
5
Calculate the remainder when 73562 is divided by 130.
112
What is the remainder when 3138 is divided by 1544?
50
Calculate the remainder when 546289 is divided by 2396.
1
Calculate the remainder when 6451 is divided by 22.
5
Calculate the remainder when 2324343 is divided by 58.
51
What is the remainder when 25676 is divided by 67?
15
Calculate the remainder when 147470 is divided by 89.
86
What is the remainder when 2167 is divided by 1069?
29
What is the remainder when 446837 is divided by 5?
2
Calculate the remainder when 49455 is divided by 29.
10
Calculate the remainder when 2165415 is divided by 1062.
1059
What is the remainder when 332 is divided by 125?
82
What is the remainder when 36149 is divided by 9029?
33
What is the remainder when 8094 is divided by 76?
38
What is the remainder when 21166 is divided by 42?
40
What is the remainder when 185128 is divided by 561?
559
Calculate the remainder when 142368 is divided by 143.
83
Calculate the remainder when 12154 is divided by 1714.
156
Calculate the remainder when 137297 is divided by 115.
102
What is the remainder when 5698 is divided by 75?
73
What is the remainder when 330 is divided by 327?
3
Calculate the remainder when 1044841 is divided by 107.
93
What is the remainder when 196248 is divided by 33?
30
Calculate the remainder when 307498 is divided by 16.
10
Calculate the remainder when 59844 is divided by 789.
669
Calculate the remainder when 14686 is divided by 432.
430
What is the remainder when 822879 is divided by 15?
9
What is the remainder when 4088703 is divided by 128?
127
What is the remainder when 6896 is divided by 107?
48
What is the remainder when 308162 is divided by 7003?
30
What is the remainder when 13590 is divided by 324?
306
What is the remainder when 803836 is divided by 310?
6
What is the remainder when 134 is divided by 24?
14
What is the remainder when 1523751 is divided by 140?
131
Calculate the remainder when 24578 is divided by 8188.
14
What is the remainder when 1543 is divided by 382?
15
What is the remainder when 7507 is divided by 11?
5
Calculate the remainder when 224798 is divided by 172.
166
Calculate the remainder when 4652 is divided by 167.
143
What is the remainder when 4539 is divided by 894?
69
What is the remainder when 49550 is divided by 2474?
70
Calculate the remainder when 687018 is divided by 109.
100
Calculate the remainder when 212152 is divided by 38.
36
Calculate the remainder when 1802 is divided by 4.
2
What is the remainder when 116962 is divided by 106?
44
Calculate the remainder when 92906 is divided by 93.
92
Calculate the remainder when 2352 is divided by 608.
528
Calculate the remainder when 39749 is divided by 75.
74
What is the remainder when 7248 is divided by 2020?
1188
What is the remainder when 10903 is divided by 22?
13
Calculate the remainder when 68570 is divided by 34185.
200
Calculate the remainder when 31331 is divided by 20.
11
What is the remainder when 2038 is divided by 33?
25
Calculate the remainder when 5795 is divided by 822.
41
Calculate the remainder when 40033 is divided by 156.
97
What is the remainder when 67154 is divided by 55?
54
What is the remainder when 33603 is divided by 115?
23
What is the remainder when 7178 is divided by 10?
8
Calculate the remainder when 547 is divided by 117.
79
What is the remainder when 42111 is divided by 1676?
211
What is the remainder when 6087 is divided by 232?
55
What is the remainder when 213693 is divided by 18?
15
What is the remainder when 682 is divided by 301?
80
Calculate the remainder when 142735 is divided by 1903.
10
What is the remainder when 1145 is divided by 1000?
145
What is the remainder when 1023116 is divided by 40?
36
Calculate the remainder when 257321 is divided by 492.
5
What is the remainder when 3085654 is divided by 6?
4
What is the remainder when 1362338 is divided by 4936?
2
Calculate the remainder when 18567 is divided by 51.
3
What is the remainder when 2525 is divided by 56?
5
What is the remainder when 1337 is divided by 257?
52
What is the remainder when 19632 is divided by 2451?
24
What is the remainder when 65661 is divided by 128?
125
What is the remainder when 15174 is divided by 893?
886
What is the remainder when 4042 is divided by 1341?
19
Calculate the remainder when 1075 is divided by 3.
1
What is the remainder when 28703 is divided by 19?
13
Calculate the remainder when 6959 is divided by 6938.
21
What is the remainder when 70756 is divided by 61?
57
Calculate the remainder when 131977 is divided by 4.
1
What is the remainder when 385741 is divided by 59?
58
What is the remainder when 4750 is divided by 133?
95
What is the remainder when 280 is divided by 21?
7
What is the remainder when 3074 is divided by 52?
6
Calculate the remainder when 17123 is divided by 536.
507
What is the remainder when 1601 is divided by 257?
59
What is the remainder when 4899 is divided by 43?
40
What is the remainder when 355930 is divided by 3524?
6
Calculate the remainder when 6144 is divided by 93.
6
What is the remainder when 370 is divided by 164?
42
Calculate the remainder when 2188042 is divided by 36.
34
What is the remainder when 26111 is divided by 12?
11
Calculate the remainder when 14894 is divided by 1227.
170
Calculate the remainder when 11969 is divided by 226.
217
What is the remainder when 6566 is divided by 64?
38
What is the remainder when 46528 is divided by 46511?
17
Calculate the remainder when 35886 is divided by 42